{"id":2983,"date":"2018-07-16T16:48:51","date_gmt":"2018-07-16T19:48:51","guid":{"rendered":"http:\/\/www.jinsai.org\/pt-BR\/?page_id=2983"},"modified":"2020-06-15T12:56:13","modified_gmt":"2020-06-15T15:56:13","slug":"transicao","status":"publish","type":"page","link":"https:\/\/www.jinsai.org\/pt-BR\/sagrado\/transicao\/","title":{"rendered":"Transi\u00e7\u00e3o"},"content":{"rendered":"<p><strong>A TRANSI\u00c7\u00c3O DA NOITE PARA O DIA<\/strong><\/p>\n<p style=\"text-align: justify;\">A misteriosa transi\u00e7\u00e3o que este mundo atravessa, revelada ao Mestre Jinsai, encerra um significado profundo e constitui um Ensinamento n\u00e3o explicado antes por ningu\u00e9m.<\/p>\n<p style=\"text-align: justify;\">Como foi mencionado anteriormente, Meishu-Sama nos ensina que este mundo obedece a ciclos definidos em que se alternam o &#8220;claro&#8221; e o \u201cescuro\u201d.<\/p>\n<p style=\"text-align: justify;\">Disse Ele:<\/p>\n<p style=\"text-align: justify;\">\u201cTal como h\u00e1 a altern\u00e2ncia do dia e da noite, no ano tamb\u00e9m existem a claridade do ver\u00e3o e a escurid\u00e3o do inverno. Ocorre o mesmo em uma d\u00e9cada e tamb\u00e9m em um s\u00e9culo. O fato de existirem na hist\u00f3ria per\u00edodos de paz e de guerra indica o ritmo desse fen\u00f4meno.<\/p>\n<p style=\"text-align: justify;\">Esse ciclo tamb\u00e9m existe a cada mil ou dez mil anos.<\/p>\n<p style=\"text-align: justify;\">At\u00e9 agora foi a Era da Escurid\u00e3o. Daqui por diante ser\u00e1 a Era da Claridade, isto \u00e9, est\u00e1 se processando a transi\u00e7\u00e3o da Era da Noite para a Era do Dia, da cultura da Noite para a cultura do Dia.&#8221;<\/p>\n<p style=\"text-align: justify;\">A revela\u00e7\u00e3o da &#8220;Transi\u00e7\u00e3o da Noite para o Dia no Mundo Espiritual&#8221;, que o Mestre Jinsai recebeu no dia 15 de junho de 1931, foi a prova dada por Deus sobre esse acontecimento misterioso, fato fundamental da Programa\u00e7\u00e3o Divina, que anunciou o limite entre a Era da Escurid\u00e3o e a Claridade no Mundo Espiritual.<\/p>\n<p style=\"text-align: justify;\">N\u00f3s, que vivemos neste mundo atual, n\u00e3o temos meios para conhecer as transforma\u00e7\u00f5es do Mundo Espiritual, de diferente dimens\u00e3o, mas apenas as do mundo dos fen\u00f4menos, ou mundo f\u00edsico. Meishu-Sama, por\u00e9m, chegando \u00e0 condi\u00e7\u00e3o de <em>kenshinjitsu<\/em>, al\u00e9m de compreender claramente os mist\u00e9rios do Universo, captou nitidamente as transforma\u00e7\u00f5es do Mundo Espiritual, atrav\u00e9s da revela\u00e7\u00e3o de Deus.<\/p>\n<p style=\"text-align: justify;\">A transi\u00e7\u00e3o da Noite para o Dia no Mundo Espiritual \u00e9 uma ocorr\u00eancia que nos proporciona um grande j\u00fabilo, se tivermos conhecimento da rela\u00e7\u00e3o existente entre os mundos Espiritual e Material. O Mundo Espiritual \u00e9 um mundo de diferente dimens\u00e3o, mas n\u00e3o independente, estando em liga\u00e7\u00e3o perp\u00e9tua com este mundo objetivo. Poder-se-ia dizer que \u00e9 a ess\u00eancia do nosso mundo.<\/p>\n<p style=\"text-align: justify;\">O homem n\u00e3o \u00e9 somente corpo f\u00edsico, vis\u00edvel aos olhos, mas tamb\u00e9m corpo espiritual, com o mesmo formato do corpo f\u00edsico. Da mesma forma, este mundo \u00e9 constitu\u00eddo de uma parte material e de uma parte espiritual, numa rela\u00e7\u00e3o insepar\u00e1vel. Assim, a proje\u00e7\u00e3o do Espiritual \u00e9 o Material, isto \u00e9, o Espiritual \u00e9 o mundo origem e o Material \u00e9 a proje\u00e7\u00e3o desse mundo.<\/p>\n<p style=\"text-align: justify;\">Em outras palavras, o Mundo Espiritual comanda, e o Material obedece. A isto chamamos &#8220;Lei do Esp\u00edrito Precede a Mat\u00e9ria&#8221;. Essa lei significa que, em todas as coisas, os aspectos espirituais s\u00e3o causas, e os materiais s\u00e3o as consequ\u00eancias reflexas, e que, ao agir, um homem j\u00e1 possui dentro de si a vontade formada anteriormente.<\/p>\n<p style=\"text-align: justify;\">Dessa maneira \u00e9 que no Mundo Espiritual, &#8211; o mundo da origem -, est\u00e1-se processando a transi\u00e7\u00e3o da Noite para o Dia, que naturalmente se refletir\u00e1 no Mundo Material, que \u00e9 objetivo.<\/p>\n<p style=\"text-align: justify;\">A noite \u00e9 o mundo obscuro, e sua luminosidade se limita \u00e0 claridade da Lua, sendo f\u00e1cil o acesso de animais selvagens e cobras venenosas. Da mesma forma, tamb\u00e9m na sociedade humana h\u00e1 facilidade para a pr\u00e1tica da perversidade.<\/p>\n<p style=\"text-align: justify;\">Igualmente, se no Mundo Espiritual for noite, do Material, \u00e9 o seu reflexo, \u00e9 evidente que a maldade n\u00e3o ser\u00e1 exterminada. A come\u00e7ar pela guerra, que jamais se extinguiu, a situa\u00e7\u00e3o do mundo at\u00e9 ent\u00e3o, pode-se dizer, era uma sequencia de infort\u00fanios para a humanidade, porque no Mundo Espiritual era Noite.<\/p>\n<p style=\"text-align: justify;\">Na nova Era de Luz, todas as coisas ser\u00e3o expostas claramente aos raios do Sol, surgindo um mundo cheio de esplendor, sem nada para encobrir. A transforma\u00e7\u00e3o observada no Mundo Espiritual, &#8211; mundo da causa, &#8211; refletindo-se no Mundo Material, transform\u00e1-lo-\u00e1 num mundo ideal de sa\u00fade, riqueza e paz, impregnado de Verdade, Bem e Belo, onde inexistir\u00e3o falsidade, maldade e feiura.<\/p>\n<p style=\"text-align: justify;\">Na Era Divina em que brilhar\u00e1 a Luz de Deus, segundo Meishu-Sama, ocorrer\u00e1 uma grande transforma\u00e7\u00e3o neste mundo onde a cultura da escurid\u00e3o, simbolizada pela Noite que traz o sofrimento \u00e0 humanidade, transformar-se-\u00e1 em cultura de luz, simbolizada pelo Dia, que trar\u00e1 a paz e a felicidade.<\/p>\n<p style=\"text-align: justify;\">Ele deu a entender que est\u00e1 pr\u00f3xima a hora da grande mudan\u00e7a no mundo. Ao ser-lhe revelada essa realidade, o Mestre assim exprimiu suas impress\u00f5es: &#8220;Est\u00e1 na imin\u00eancia de acontecer uma transforma\u00e7\u00e3o de causar espanto, medo e alegria&#8221;.<\/p>\n<p><img loading=\"lazy\" decoding=\"async\" class=\"alignnone size-full wp-image-2984\" src=\"https:\/\/www.jinsai.org\/pt-BR\/wp-content\/uploads\/2018\/07\/6c12a8c8ffc40723443cdaf2a2be677b.jpg\" alt=\"\" width=\"1920\" height=\"1440\" srcset=\"https:\/\/www.jinsai.org\/pt-BR\/wp-content\/uploads\/2018\/07\/6c12a8c8ffc40723443cdaf2a2be677b.jpg 1920w, https:\/\/www.jinsai.org\/pt-BR\/wp-content\/uploads\/2018\/07\/6c12a8c8ffc40723443cdaf2a2be677b-300x225.jpg 300w, https:\/\/www.jinsai.org\/pt-BR\/wp-content\/uploads\/2018\/07\/6c12a8c8ffc40723443cdaf2a2be677b-768x576.jpg 768w, https:\/\/www.jinsai.org\/pt-BR\/wp-content\/uploads\/2018\/07\/6c12a8c8ffc40723443cdaf2a2be677b-1024x768.jpg 1024w\" sizes=\"auto, (max-width: 1920px) 100vw, 1920px\" \/><\/p>\n<p>&nbsp;<\/p>\n<p style=\"text-align: justify;\"><strong>A GRANDE TRANSI\u00c7\u00c3O DA CIVILIZA\u00c7\u00c3O<\/strong><\/p>\n<p style=\"text-align: justify;\">Quando recebeu a revela\u00e7\u00e3o sobre a Transi\u00e7\u00e3o da Noite para o Dia, o Mestre Jinsai escreveu num poema:<\/p>\n<p>&nbsp;<\/p>\n<p style=\"text-align: center;\">&#8220;Dia 15 de junho de 1931!<\/p>\n<p style=\"text-align: center;\">Nesta data significativa<\/p>\n<p style=\"text-align: center;\">Abrem-se mansamente<\/p>\n<p style=\"text-align: center;\">As portas do c\u00e9u&#8221;<\/p>\n<p>&nbsp;<\/p>\n<p style=\"text-align: justify;\">&#8220;De hoje em diante a Era da Noite se transformar\u00e1 em Era do Dia. Est\u00e1 prestes a iniciar-se a grande transforma\u00e7\u00e3o do mundo das trevas num mundo de luz, do Mal em Bem, do Inferno em C\u00e9u. &#8220;O Reino do C\u00e9u&#8221;, profetizado por Jesus Cristo, e o &#8220;Mundo de Miroku&#8221;, profetizado por Buda, n\u00e3o foram palavras v\u00e3s.<\/p>\n<p style=\"text-align: justify;\">O Mestre teve a plena convic\u00e7\u00e3o de que esse exato momento chegar\u00e1 e que a Luz da Salva\u00e7\u00e3o ir\u00e1 banhar toda a humanidade.<\/p>\n<p style=\"text-align: justify;\">J\u00e1 em 1926 o Mestre prognosticara, de modo concreto, certos acontecimentos, tais como o colapso do mundo ps\u00edquico, a dissemina\u00e7\u00e3o de doen\u00e7as oriundas da pr\u00f3pria civiliza\u00e7\u00e3o e o aparecimento da polui\u00e7\u00e3o.<\/p>\n<p style=\"text-align: justify;\">&#8220;Mas na Era do Dia, o pincel brilhante da luz solar despontar\u00e1 no Oriente e dentro em pouco estar\u00e1 no z\u00eanite, significando o fim da civiliza\u00e7\u00e3o da Noite no Mundo Material e o in\u00edcio da civiliza\u00e7\u00e3o do Dia&#8221;.<\/p>\n<p style=\"text-align: justify;\">A primeira provid\u00eancia que teve de tomar foi advertir o mundo sobre a mudan\u00e7a e colapso da civiliza\u00e7\u00e3o, os quais acompanham essa transi\u00e7\u00e3o j\u00e1 iniciada, bem como salvar a humanidade da desordem e da destrui\u00e7\u00e3o.<\/p>\n<p style=\"text-align: justify;\"><em>&nbsp;<\/em>&#8220;O motivo pelo qual o homem n\u00e3o consegue tornar-se feliz, apesar do progresso da civiliza\u00e7\u00e3o, \u00e9 que esta \u00e9 falsa, desviada da Verdade. Tal civiliza\u00e7\u00e3o est\u00e1 prestes a entrar num beco sem sa\u00edda e sofrer um colapso. Nesse momento, as pessoas que n\u00e3o perceberem esses fatos passar\u00e3o por infort\u00fanios jamais imaginados.<\/p>\n<p style=\"text-align: justify;\">Para que o ser humano possa livrar-se deles e tornar-se feliz, deve perceber, de qualquer maneira, esse erro, e despertar para a Verdade da civiliza\u00e7\u00e3o do novo mundo&#8221;.<\/p>\n<p style=\"text-align: justify;\">O Mestre, impelido pelo ardente desejo de despertar a humanidade, empenhou-se na miss\u00e3o de estabelecer essa nova civiliza\u00e7\u00e3o, atrav\u00e9s do conhecimento que teve sobre o m\u00e9todo de salvar a humanidade da destrui\u00e7\u00e3o.<\/p>\n<p style=\"text-align: justify;\">Hoje, passados 45 anos, como para endossar o seu progn\u00f3stico, vemos que os obst\u00e1culos encontrados pela civiliza\u00e7\u00e3o v\u00eam-se agravando cada vez mais.<\/p>\n<p style=\"text-align: justify;\">Ergue-se a voz da reflex\u00e3o em todas as \u00e1reas da atual civiliza\u00e7\u00e3o.<\/p>\n<p style=\"text-align: justify;\">Poder-se-ia dizer que a revela\u00e7\u00e3o sobre a Transi\u00e7\u00e3o da Noite para o Dia no Mundo Espiritual mostra-nos o alvorecer da Nova Era e a transforma\u00e7\u00e3o dessa civiliza\u00e7\u00e3o.<\/p>\n<p>&nbsp;<br \/>\n<iframe src=\"http:\/\/www.facebook.com\/plugins\/like.php?href= https:\/\/www.jinsai.org\/pt-BR\/sagrado\/transicao\/ &amp;%0Alayout=standard&amp;show_faces=false&amp;width=380&amp;action=like&amp;colorscheme=light&amp;height=25\" style=\"border: medium none ; overflow: hidden; width: 350px; height: 25px;\" allowtransparency=\"true\" frameborder=\"0\" scrolling=\"no\"><\/iframe><\/p>\n<div id=\"fb-root\"><\/div>\n<p><script src=\"http:\/\/connect.facebook.net\/pt_BR\/all.js#appId=APP_ID&amp;xfbml=1\"><\/script><fb:comments href=\"https:\/\/www.jinsai.org\/pt-BR\/sagrado\/transicao\/\" num_posts=\"100\" width=\"500\"><\/fb:comments><meta property=\"fb:app_id\" content=\"171964893011161\"><\/p>\n<div id=\"fb-root\"><\/div>\n<p><script>(function(d, s, id) {<br \/>\n  var js, fjs = d.getElementsByTagName(s)[0];<br \/>\n  if (d.getElementById(id)) return;<br \/>\n  js = d.createElement(s); js.id = id;<br \/>\n  js.src = 'https:\/\/connect.facebook.net\/pt_BR\/sdk.js#xfbml=1&version=v3.0&appId=171964893011161&autoLogAppEvents=1';<br \/>\n  fjs.parentNode.insertBefore(js, fjs);<br \/>\n}(document, 'script', 'facebook-jssdk'));<\/script><\/p>\n<div class=\"fb-share-button\" data-href=\" https:\/\/www.jinsai.org\/pt-BR\/sagrado\/transicao\/\" data-layout=\"button_count\" data-size=\"large\" data-mobile-iframe=\"true\"><a target=\"_blank\" href=\"https:\/\/www.facebook.com\/sharer\/sharer.php?u=http%3A%2F%2Fhttps:\/\/www.jinsai.org\/pt-BR\/sagrado\/transicao\/%2F&amp;src=sdkpreparse\" class=\"fb-xfbml-parse-ignore\" rel=\"noopener noreferrer\">Compartilhar<\/a><\/div>\n","protected":false},"excerpt":{"rendered":"<p>A TRANSI\u00c7\u00c3O DA NOITE PARA O DIA A misteriosa transi\u00e7\u00e3o que este mundo atravessa, revelada ao Mestre Jinsai, encerra um significado profundo e constitui um Ensinamento n\u00e3o explicado antes por ningu\u00e9m. Como foi mencionado anteriormente, Meishu-Sama nos ensina que este mundo obedece a ciclos definidos em que se alternam o &#8220;claro&#8221; e o \u201cescuro\u201d. Disse [&hellip;]<\/p>\n","protected":false},"author":1,"featured_media":0,"parent":885,"menu_order":0,"comment_status":"open","ping_status":"closed","template":"","meta":{"footnotes":""},"class_list":["post-2983","page","type-page","status-publish","hentry","post"],"_links":{"self":[{"href":"https:\/\/www.jinsai.org\/pt-BR\/wp-json\/wp\/v2\/pages\/2983","targetHints":{"allow":["GET"]}}],"collection":[{"href":"https:\/\/www.jinsai.org\/pt-BR\/wp-json\/wp\/v2\/pages"}],"about":[{"href":"https:\/\/www.jinsai.org\/pt-BR\/wp-json\/wp\/v2\/types\/page"}],"author":[{"embeddable":true,"href":"https:\/\/www.jinsai.org\/pt-BR\/wp-json\/wp\/v2\/users\/1"}],"replies":[{"embeddable":true,"href":"https:\/\/www.jinsai.org\/pt-BR\/wp-json\/wp\/v2\/comments?post=2983"}],"version-history":[{"count":6,"href":"https:\/\/www.jinsai.org\/pt-BR\/wp-json\/wp\/v2\/pages\/2983\/revisions"}],"predecessor-version":[{"id":7683,"href":"https:\/\/www.jinsai.org\/pt-BR\/wp-json\/wp\/v2\/pages\/2983\/revisions\/7683"}],"up":[{"embeddable":true,"href":"https:\/\/www.jinsai.org\/pt-BR\/wp-json\/wp\/v2\/pages\/885"}],"wp:attachment":[{"href":"https:\/\/www.jinsai.org\/pt-BR\/wp-json\/wp\/v2\/media?parent=2983"}],"curies":[{"name":"wp","href":"https:\/\/api.w.org\/{rel}","templated":true}]}}

Transição

<p><strong>A TRANSIÇÃO DA NOITE PARA O DIA</strong></p>
<p style="text-align: justify;">A misteriosa transição que este mundo atravessa, revelada ao Mestre Jinsai, encerra um significado profundo e constitui um Ensinamento não explicado antes por ninguém.</p>
<p style="text-align: justify;">Como foi mencionado anteriormente, Meishu-Sama nos ensina que este mundo obedece a ciclos definidos em que se alternam o &#8220;claro&#8221; e o “escuro”.</p>
<p style="text-align: justify;">Disse Ele:</p>
<p style="text-align: justify;">“Tal como há a alternância do dia e da noite, no ano também existem a claridade do verão e a escuridão do inverno. Ocorre o mesmo em uma década e também em um século. O fato de existirem na história períodos de paz e de guerra indica o ritmo desse fenômeno.</p>
<p style="text-align: justify;">Esse ciclo também existe a cada mil ou dez mil anos.</p>
<p style="text-align: justify;">Até agora foi a Era da Escuridão. Daqui por diante será a Era da Claridade, isto é, está se processando a transição da Era da Noite para a Era do Dia, da cultura da Noite para a cultura do Dia.&#8221;</p>
<p style="text-align: justify;">A revelação da &#8220;Transição da Noite para o Dia no Mundo Espiritual&#8221;, que o Mestre Jinsai recebeu no dia 15 de junho de 1931, foi a prova dada por Deus sobre esse acontecimento misterioso, fato fundamental da Programação Divina, que anunciou o limite entre a Era da Escuridão e a Claridade no Mundo Espiritual.</p>
<p style="text-align: justify;">Nós, que vivemos neste mundo atual, não temos meios para conhecer as transformações do Mundo Espiritual, de diferente dimensão, mas apenas as do mundo dos fenômenos, ou mundo físico. Meishu-Sama, porém, chegando à condição de <em>kenshinjitsu</em>, além de compreender claramente os mistérios do Universo, captou nitidamente as transformações do Mundo Espiritual, através da revelação de Deus.</p>
<p style="text-align: justify;">A transição da Noite para o Dia no Mundo Espiritual é uma ocorrência que nos proporciona um grande júbilo, se tivermos conhecimento da relação existente entre os mundos Espiritual e Material. O Mundo Espiritual é um mundo de diferente dimensão, mas não independente, estando em ligação perpétua com este mundo objetivo. Poder-se-ia dizer que é a essência do nosso mundo.</p>
<p style="text-align: justify;">O homem não é somente corpo físico, visível aos olhos, mas também corpo espiritual, com o mesmo formato do corpo físico. Da mesma forma, este mundo é constituído de uma parte material e de uma parte espiritual, numa relação inseparável. Assim, a projeção do Espiritual é o Material, isto é, o Espiritual é o mundo origem e o Material é a projeção desse mundo.</p>
<p style="text-align: justify;">Em outras palavras, o Mundo Espiritual comanda, e o Material obedece. A isto chamamos &#8220;Lei do Espírito Precede a Matéria&#8221;. Essa lei significa que, em todas as coisas, os aspectos espirituais são causas, e os materiais são as consequências reflexas, e que, ao agir, um homem já possui dentro de si a vontade formada anteriormente.</p>
<p style="text-align: justify;">Dessa maneira é que no Mundo Espiritual, &#8211; o mundo da origem -, está-se processando a transição da Noite para o Dia, que naturalmente se refletirá no Mundo Material, que é objetivo.</p>
<p style="text-align: justify;">A noite é o mundo obscuro, e sua luminosidade se limita à claridade da Lua, sendo fácil o acesso de animais selvagens e cobras venenosas. Da mesma forma, também na sociedade humana há facilidade para a prática da perversidade.</p>
<p style="text-align: justify;">Igualmente, se no Mundo Espiritual for noite, do Material, é o seu reflexo, é evidente que a maldade não será exterminada. A começar pela guerra, que jamais se extinguiu, a situação do mundo até então, pode-se dizer, era uma sequencia de infortúnios para a humanidade, porque no Mundo Espiritual era Noite.</p>
<p style="text-align: justify;">Na nova Era de Luz, todas as coisas serão expostas claramente aos raios do Sol, surgindo um mundo cheio de esplendor, sem nada para encobrir. A transformação observada no Mundo Espiritual, &#8211; mundo da causa, &#8211; refletindo-se no Mundo Material, transformá-lo-á num mundo ideal de saúde, riqueza e paz, impregnado de Verdade, Bem e Belo, onde inexistirão falsidade, maldade e feiura.</p>
<p style="text-align: justify;">Na Era Divina em que brilhará a Luz de Deus, segundo Meishu-Sama, ocorrerá uma grande transformação neste mundo onde a cultura da escuridão, simbolizada pela Noite que traz o sofrimento à humanidade, transformar-se-á em cultura de luz, simbolizada pelo Dia, que trará a paz e a felicidade.</p>
<p style="text-align: justify;">Ele deu a entender que está próxima a hora da grande mudança no mundo. Ao ser-lhe revelada essa realidade, o Mestre assim exprimiu suas impressões: &#8220;Está na iminência de acontecer uma transformação de causar espanto, medo e alegria&#8221;.</p>
<p><img loading="lazy" decoding="async" class="alignnone size-full wp-image-2984" src="https://www.jinsai.org/pt-BR/wp-content/uploads/2018/07/6c12a8c8ffc40723443cdaf2a2be677b.jpg" alt="" width="1920" height="1440" srcset="https://www.jinsai.org/pt-BR/wp-content/uploads/2018/07/6c12a8c8ffc40723443cdaf2a2be677b.jpg 1920w, https://www.jinsai.org/pt-BR/wp-content/uploads/2018/07/6c12a8c8ffc40723443cdaf2a2be677b-300x225.jpg 300w, https://www.jinsai.org/pt-BR/wp-content/uploads/2018/07/6c12a8c8ffc40723443cdaf2a2be677b-768x576.jpg 768w, https://www.jinsai.org/pt-BR/wp-content/uploads/2018/07/6c12a8c8ffc40723443cdaf2a2be677b-1024x768.jpg 1024w" sizes="auto, (max-width: 1920px) 100vw, 1920px" /></p>
<p>&nbsp;</p>
<p style="text-align: justify;"><strong>A GRANDE TRANSIÇÃO DA CIVILIZAÇÃO</strong></p>
<p style="text-align: justify;">Quando recebeu a revelação sobre a Transição da Noite para o Dia, o Mestre Jinsai escreveu num poema:</p>
<p>&nbsp;</p>
<p style="text-align: center;">&#8220;Dia 15 de junho de 1931!</p>
<p style="text-align: center;">Nesta data significativa</p>
<p style="text-align: center;">Abrem-se mansamente</p>
<p style="text-align: center;">As portas do céu&#8221;</p>
<p>&nbsp;</p>
<p style="text-align: justify;">&#8220;De hoje em diante a Era da Noite se transformará em Era do Dia. Está prestes a iniciar-se a grande transformação do mundo das trevas num mundo de luz, do Mal em Bem, do Inferno em Céu. &#8220;O Reino do Céu&#8221;, profetizado por Jesus Cristo, e o &#8220;Mundo de Miroku&#8221;, profetizado por Buda, não foram palavras vãs.</p>
<p style="text-align: justify;">O Mestre teve a plena convicção de que esse exato momento chegará e que a Luz da Salvação irá banhar toda a humanidade.</p>
<p style="text-align: justify;">Já em 1926 o Mestre prognosticara, de modo concreto, certos acontecimentos, tais como o colapso do mundo psíquico, a disseminação de doenças oriundas da própria civilização e o aparecimento da poluição.</p>
<p style="text-align: justify;">&#8220;Mas na Era do Dia, o pincel brilhante da luz solar despontará no Oriente e dentro em pouco estará no zênite, significando o fim da civilização da Noite no Mundo Material e o início da civilização do Dia&#8221;.</p>
<p style="text-align: justify;">A primeira providência que teve de tomar foi advertir o mundo sobre a mudança e colapso da civilização, os quais acompanham essa transição já iniciada, bem como salvar a humanidade da desordem e da destruição.</p>
<p style="text-align: justify;"><em>&nbsp;</em>&#8220;O motivo pelo qual o homem não consegue tornar-se feliz, apesar do progresso da civilização, é que esta é falsa, desviada da Verdade. Tal civilização está prestes a entrar num beco sem saída e sofrer um colapso. Nesse momento, as pessoas que não perceberem esses fatos passarão por infortúnios jamais imaginados.</p>
<p style="text-align: justify;">Para que o ser humano possa livrar-se deles e tornar-se feliz, deve perceber, de qualquer maneira, esse erro, e despertar para a Verdade da civilização do novo mundo&#8221;.</p>
<p style="text-align: justify;">O Mestre, impelido pelo ardente desejo de despertar a humanidade, empenhou-se na missão de estabelecer essa nova civilização, através do conhecimento que teve sobre o método de salvar a humanidade da destruição.</p>
<p style="text-align: justify;">Hoje, passados 45 anos, como para endossar o seu prognóstico, vemos que os obstáculos encontrados pela civilização vêm-se agravando cada vez mais.</p>
<p style="text-align: justify;">Ergue-se a voz da reflexão em todas as áreas da atual civilização.</p>
<p style="text-align: justify;">Poder-se-ia dizer que a revelação sobre a Transição da Noite para o Dia no Mundo Espiritual mostra-nos o alvorecer da Nova Era e a transformação dessa civilização.</p>
<p>&nbsp;<br />
<iframe src="http://www.facebook.com/plugins/like.php?href= https://www.jinsai.org/pt-BR/sagrado/transicao/ &amp;%0Alayout=standard&amp;show_faces=false&amp;width=380&amp;action=like&amp;colorscheme=light&amp;height=25" style="border: medium none ; overflow: hidden; width: 350px; height: 25px;" allowtransparency="true" frameborder="0" scrolling="no"></iframe></p>
<div id="fb-root"></div>
<p><script src="http://connect.facebook.net/pt_BR/all.js#appId=APP_ID&amp;xfbml=1"></script><fb:comments href="https://www.jinsai.org/pt-BR/sagrado/transicao/" num_posts="100" width="500"></fb:comments><meta property="fb:app_id" content="171964893011161"></p>
<div id="fb-root"></div>
<p><script>(function(d, s, id) {<br />
  var js, fjs = d.getElementsByTagName(s)[0];<br />
  if (d.getElementById(id)) return;<br />
  js = d.createElement(s); js.id = id;<br />
  js.src = 'https://connect.facebook.net/pt_BR/sdk.js#xfbml=1&version=v3.0&appId=171964893011161&autoLogAppEvents=1';<br />
  fjs.parentNode.insertBefore(js, fjs);<br />
}(document, 'script', 'facebook-jssdk'));</script></p>
<div class="fb-share-button" data-href=" https://www.jinsai.org/pt-BR/sagrado/transicao/" data-layout="button_count" data-size="large" data-mobile-iframe="true"><a target="_blank" href="https://www.facebook.com/sharer/sharer.php?u=http%3A%2F%2Fhttps://www.jinsai.org/pt-BR/sagrado/transicao/%2F&amp;src=sdkpreparse" class="fb-xfbml-parse-ignore" rel="noopener noreferrer">Compartilhar</a></div>

<p>A TRANSIÇÃO DA NOITE PARA O DIA A misteriosa transição que este mundo atravessa, revelada ao Mestre Jinsai, encerra um significado profundo e constitui um Ensinamento não explicado antes por ninguém. Como foi mencionado anteriormente, Meishu-Sama nos ensina que este mundo obedece a ciclos definidos em que se alternam o &#8220;claro&#8221; e o “escuro”. Disse [&hellip;]</p>
